 8) to base 4.
311130103
1111011010010101 (base 2) to base 8
173225
Convert -3067131 (base 9) to base 12.
-670531
-1001101111010111 (base 2) to base 11
-27a79
Convert -130033113 (base 4) to base 6.
-2251303
Convert -17b92 (base 14) to base 8.
-165004
What is 1001000110111100000 (base 2) in base 12?
124880
f3eb (base 16) to base 11
42a07
What is -104465 (base 9) in base 13?
-224c0
What is a87a65 (base 11) in base 8?
6502774
145600055 (base 7) to base 5
4443414400
-123113442 (base 5) to base 6
-20452301
1110110011010 (base 2) to base 12
4476
What is -9b745 (base 15) in base 9?
-833152
Convert 243210 (base 8) to base 6.
1443000
-3330411224 (base 5) to base 15
-98bac9
Convert -34eb4 (base 16) to base 5.
-23414011
2121212222100 (base 3) to base 11
873334
-54065304 (base 7) to base 9
-8587263
Convert 10111101111010011 (base 2) to base 4.
113233103
7ebf (base 16) to base 9
48452
What is -a18ab (base 15) in base 4?
-1330321202
Convert 1a7d97 (base 15) to base 10.
1292317
Convert 2c472 (base 14) to base 16.
1b034
Convert -20102201020 (base 3) to base 12.
-61350
What is -3000232201 (base 4) in base 8?
-3005641
What is 49998 (base 10) in base 5?
3044443
Convert d879 (base 14) to base 7.
213612
5304045 (base 6) to base 11
166512
Convert -23122111 (base 5) to base 12.
-a02b1
What is b20ac (base 14) in base 12?
187988
Convert -307876 (base 13) to base 10.
-1130707
Convert 11222001203 (base 4) to base 15.
1e456b
Convert -27442213 (base 8) to base 13.
-1383ca6
-101101010000111011101111 (base 2) to base 10
-11865839
What is 191b3 (base 13) in base 4?
23320021
What is -11124431 (base 5) in base 16?
-181b5
23a438 (base 13) to base 15
11c20c
Convert -110010010011010111000 (base 2) to base 5.
-410221222
What is -1421041 (base 5) in base 4?
-13031101
Convert -42744445 (base 8) to base 10.
-9160997
What is 50b802 (base 15) in base 5?
1440221202
Convert 11101010000010101110010 (base 2) to base 6.
432213042
What is 122110021102021 (base 3) in base 7?
141563011
3763204 (base 8) to base 13
2a63cb
Convert 1dda8 (base 16) to base 4.
131312220
-804883 (base 9) to base 8
-1641577
Convert a26520 (base 16) to base 14.
15b0784
11411420 (base 6) to base 7
3024465
21275 (base 11) to base 10
30937
What is 204332343 (base 5) in base 2?
11010000110100110100
Convert 144122033 (base 5) to base 11.
486794
84282 (base 11) to base 16
1dfa0
Convert -153552 (base 11) to base 10.
-238911
-bd6081 (base 14) to base 10
-6432049
7b870 (base 14) to base 16
496da
Convert 45f45 (base 16) to base 13.
a0560
What is -21105621 (base 7) in base 14?
-345db8
What is 4566252 (base 7) in base 5?
121234410
What is -2042001312 (base 5) in base 15?
-58e4c2
What is 50262 (base 13) in base 11?
98673
233424221 (base 5) to base 10
1076811
-26409 (base 14) to base 8
-267611
-40036451 (base 7) to base 10
-3303665
What is 16a885 (base 13) in base 14?
10a430
-100010001110100110001 (base 2) to base 8
-4216461
247015 (base 14) to base 2
100110000110100011011
54a25e (base 15) to base 5
2013034124
What is -12220201021 (base 3) in base 6?
-2255011
-1010110011100000001001 (base 2) to base 7
-33034464
Convert -12b5975 (base 13) to base 7.
-101054665
What is 4421501 (base 6) in base 2?
110101111000101101
Convert 2e2d2a (base 15) to base 4.
20202030133
Convert -6cc24 (base 16) to base 14.
-b84ba
6621 (base 7) to base 12
1453
Convert -2187020 (base 9) to base 13.
-323b6b
2466800 (base 10) to base 14
482da0
-2b999a (base 13) to base 5
-234000203
44db82 (base 14) to base 9
4360764
-442104024 (base 5) to base 10
-1909889
Convert -230146 (base 13) to base 2.
-11001010010001010000
What is 1101001010111101101 (base 2) in base 14?
b3405
a4a1cb (base 13) to base 8
16536410
208a78 (base 16) to base 6
113413052
Convert 868d (base 16) to base 6.
423245
c3121 (base 13) to base 5
42141034
What is -711761 (base 8) in base 14?
-61649
What is 512450 (base 8) in base 3?
22121011202
19a2a26 (base 14) to base 8
60534772
-9b0a01 (base 15) to base 13
-16bb36b
Convert -cd2aa (base 15) to base 13.
-19a9b9
Convert -14302261 (base 7) to base 12.
-54a6b7
-6031679 (base 11) to base 7
-156511465
What is -b3587 (base 14) in base 6?
-13131323
Convert -384b3 (base 16) to base 14.
-6005d
-1eda6a (base 15) to base 12
-61043a
What is 366481 (base 10) in base 2?
1011001011110010001
-14240327 (base 8) to base 16
-3140d7
What is 113a77 (base 12) in base 8?
1033473
Convert -6122250 (base 10) to base 8.
-27265412
-12202100121012 (base 3) to base 9
-5670535
Convert -2073165 (base 8) to base 10.
-554613
What is 194d7 (base 16) in base 2?
11001010011010111
What is -62059 (base 11) in base 4?
-112013030
What is 1053133 (base 6) in base 9?
81763
What is 111001100011010010 (base 2) in base 16?
398d2
Convert -107c45 (base 13) to base 10.
-388757
Convert 13304024 (base 7) to base 9.
2271818
-38879 (base 13) to base 3
-12022122012
-530231 (base 6) to base 13
-1667b
Convert 100002102012 (base 3) to base 8.
535333
What is 6321111 (base 7) in base 9?
1380540
Convert -12130322112 (base 4) to base 13.
-472a7c
What is -a7706 (base 11) in base 12?
-76744
-158a28 (base 12) to base 13
-cb54c
What is -23646626 (base 7) in base 15?
-2bb06b
-a44ab (base 12) to base 3
-101220220012
Convert 519511 (base 12) to base 5.
311444211
What is -382846a (base 12) in base 16?
-a7ea92
-10010010010010010001 (base 2) to base 9
-1112831
What is -12101110220 (base 3) in base 5?
-11343203
What is -2101545 (base 6) in base 2?
-11000110010001001
What is -2112102120 (base 3) in base 10?
-49884
Convert -334131444 (base 6) to base 2.
-10111001011101110010100
Convert 63726066 (base 8) to base 11.
7756472
203201000213 (base 4) to base 14
1344d39
What is 10110101000111111111101 (base 2) in base 3?
102011112102120
109d1 (base 14) to base 11
28364
4086074 (base 11) to base 5
3321231224
Convert -2524111 (base 6) to base 13.
-499ba
Convert 278011 (base 13) to base 10.
960103
What is 1b3c83 (base 15) in base 12?
541266
-1202035500 (base 6) to base 15
-12c5743
What is 10720604 (base 8) in base 5?
1044210413
Convert 12222110012 (base 3) to base 14.
30c70
Convert 42301303 (base 5) to base 2.
1010110010000110000
Convert -2415056 (base 7) to base 13.
-a9790
Convert -1001101101001 (base 2) to base 9.
-6731
Convert -21121010001002 (base 3) to base 15.
-54b33b
What is 10b2927 (base 14) in base 11?
4547018
434221201 (base 5) to base 6
104003431
What is -241121304 (base 5) in base 14?
-20dd62
What is 52042543 (base 6) in base 13?
406296
Convert -322275 (base 8) to base 13.
-3a044
What is 6531a (base 16) in base 13?
11687b
What is -1132356 (base 8) in base 2?
-1001011010011101110
Convert 12423311 (base 5) to base 13.
44333
Convert 7471376 (base 9) to base 4.
33101112303
What is -126cf (base 16) in base 11?
-51780
-2828 (base 10) to base 16
-b0c
-4231224 (base 5) to base 4
-101102132
24992a (base 11) to base 12
16ba5a
What is c08f66 (base 16) in base 12?
4287032
Convert -22102421 (base 5) to base 15.
-3b8c6
Convert -1200101000210 (base 3) to base 11.
-55aa60
-11110025 (base 7) to base 9
-1723402
-27c53 (base 15) to base 12
-61a59
What is -2041420221 (base 5) in base 12?
-150a536
Convert -5056 (base 8) to base 13.
-1256
Convert 641855 (base 13) to base 11.
1362333
-434250143 (base 6) to base 5
-3442020431
What is -f975 (base 16) in base 10?
-63861
2010220110121 (base 3) to base 10
1139767
-3113203211 (base 4) to base 9
-1585118
-403738 (base 11) to base 9
-1188335
-23426 (base 12) to base 13
-18687
Convert 2a48b (base 12) to base 7.
335165
What is 1a1749 (base 13) in base 2?
10100001001101111000
29587 (base 16) to base 6
3344011
20264565 (base 7) to base 11
a59899
What is -27597 (base 15) in base 13?
-45553
66677 (base 9) to base 7
243100
Convert 2057876 (base 9) to base 3.
2001221222120
What is 5244926 (base 11) in base 14?
13291cc
What is -1011101000000000101000 (base 2) in base 13?
-829144
Convert 1110100010101111001101 (base 2) to base 8.
16425715
What is -37b766 (base 13) in base 10?
-1339240
113c5 (base 14) to base 15
c64b
What is -1789659 (base 11) in base 4?
-23203131033
What is 55a30 (base 13) in base 12?
75bbb
What is 1a7f3 (base 16) in base 2?
11010011111110011
Convert 213322333220 (base 4) to base 10.
10465256
Convert 43cbc (base 14) to base 9.
270472
What is -11987b (base 12) in base 6?
-10045435
Convert 34132